{"id":10,"date":"2019-11-13T16:40:33","date_gmt":"2019-11-13T16:40:33","guid":{"rendered":"http:\/\/drdannbeck.de\/?page_id=10"},"modified":"2025-07-15T15:51:49","modified_gmt":"2025-07-15T15:51:49","slug":"dr-dannbeck","status":"publish","type":"page","link":"https:\/\/drdannbeck.de\/?page_id=10","title":{"rendered":"Dr. Dannbeck"},"content":{"rendered":"\n<h2 class=\"wp-block-heading\"><strong>Werdegang<\/strong><\/h2>\n\n\n\n<h4 class=\"wp-block-heading\"><strong>Schule und Wehrdienst<\/strong><\/h4>\n\n\n\n<p><strong>Abitur<\/strong> 1982 am Matthias-Claudius-Gymnasium in Gehrden bei Hannover nach 12 Schuljahren<\/p>\n\n\n\n<p>2-j\u00e4hriger <strong>Wehrdienst<\/strong> im Sanit\u00e4tsbataillon Hamm, Reserveoffizier<\/p>\n\n\n\n<h4 class=\"wp-block-heading\"><strong>Medizinstudium und Promotion<\/strong><\/h4>\n\n\n\n<p>Beginn des <strong>Medizinstudiums<\/strong> 1984 in Bielefeld, M\u00fcnster und K\u00f6ln<\/p>\n\n\n\n<p>Fortsetzung des Medizinstudiums 1985 in D\u00fcsseldorf<\/p>\n\n\n\n<p><strong>Famulaturen und Studienaufenthalte<\/strong> im BwK Hamm, Deutsches Herzzentrum Berlin, Diakoniekrankenhaus D\u00fcsseldorf Kaiserswerth, UCLA-Hospital Los Angeles, California, Chirurgische Klinik der Universit\u00e4t D\u00fcsseldorf, Bethesda-Krankenhaus Duisburg, Royal Infirmary of Edinburgh, Scotland, Princess Margret Rose Orthopaedic Hospital, Edinburgh, Scotland<\/p>\n\n\n\n<p><strong>Staatsexamen<\/strong> in D\u00fcsseldorf 1990<\/p>\n\n\n\n<p>1994 Verleihung des Grades des <strong>Doktors der Medizin<\/strong> der Uni D\u00fcsseldorf f\u00fcr die Dissertation:<\/p>\n\n\n\n<p>\u201eHypoglyk\u00e4mie als Unfallursache und resultierende Folgerungen f\u00fcr die Behandlung bei autofahrenden, insulinbehandelten Diabetikern.\u201c<\/p>\n\n\n\n<h2 class=\"wp-block-heading\"><strong>Qualifikationen<\/strong><\/h2>\n\n\n\n<h4 class=\"wp-block-heading\"><strong>Ausbildung zum Facharzt f\u00fcr Physikalische und Rehabilitative Medizin<\/strong><\/h4>\n\n\n\n<p>1991 <strong>Orthop\u00e4die, Chirurgie<\/strong><strong> und Allgemeinmedizin <\/strong>im University-Hospital of Edinburgh und im Diakoniekrankenhaus D\u00fcsseldorf Kaiserswerth.<\/p>\n\n\n\n<p>1993 in der Klinik Bavaria Haus Wolfstein in Freyung, Niederbayern. <strong>Orthop\u00e4die und Rehabilitation<\/strong> sowie <strong>Innere und Onkologie.<\/strong><\/p>\n\n\n\n<p><strong>Facharztpr\u00fcfung<\/strong> im September 1996 vor der Bayerischen \u00c4rztekammer<\/p>\n\n\n\n<h4 class=\"wp-block-heading\"><strong>Zusatzqualifikationen<\/strong><\/h4>\n\n\n\n<p><strong>Chirotherapie<\/strong>: Ausbildung bei der FAC Hamm \/ Boppard, Pr\u00fcfung vor der Bayerischen \u00c4rztekammer 1995. Regelm\u00e4\u00dfige Refresher-Kurse.<\/p>\n\n\n\n<p><strong>Orthop\u00e4dische Sonographie:<\/strong> Vollausbildung in Freyung. S\u00e4uglingsh\u00fcftkurse bei Prof. Graf, Stolzalpe, \u00d6sterreich.<\/p>\n\n\n\n<p><strong>Fachkunde R\u00f6ntgen:<\/strong> Anerkennung dieser Zusatzqualifikation von der \u00c4rztekammer Bayern 1996 f\u00fcr die Bereiche Skelett und Notfalldiagnostik.<\/p>\n\n\n\n<p><strong>Physikalische Therapie<\/strong>: Spezielle Fortbildungskurse in Bayern und Baden-W\u00fcrttemberg, Pr\u00fcfung vor der \u00c4rztekammer Westfalen 1997<\/p>\n\n\n\n<p><strong>Akupunktur:<\/strong> Grund- und Vollausbildung bei der FATCM in D\u00fcsseldorf, B-Diplom seit 2000. Fortlaufend zus\u00e4tzliche Kurse.<\/p>\n\n\n\n<p><strong>Psychsomatische Grundversorgung:<\/strong> MediConsult, Sylt \/ Solingen, 2018 und 2019<\/p>\n\n\n\n<p><strong>Psychotherapie: <\/strong>Interesse an Kurzzeit-Interventionen mittels &#8222;ACT&#8220;, Akteptanz- und Commitment-Therapie. Seit 2019 fortlaufende Weiterbildungen.<\/p>\n\n\n\n<h2 class=\"wp-block-heading\"><strong>Weiterer beruflicher Werdegang<\/strong><\/h2>\n\n\n\n<p>1996 <strong>Leitender Arzt<\/strong> im ambulanten Rehazentrum der Klinik Bavaria in Recklinghausen.<\/p>\n\n\n\n<p>1997 <strong>Leitender Arzt<\/strong> in einem Rehazentrum in Krefeld<\/p>\n\n\n\n<p>1998 bis 2003 <strong>Vertragsarzt<\/strong> in einer fach\u00fcbergreifenden Gemeinschaftspraxis f\u00fcr Orthop\u00e4die und Rehabilitation in Werl-Hilbeck<\/p>\n\n\n\n<p>Die hier vorgestellte <strong>Privatpraxis<\/strong> f\u00fchre ich seit September 2003.<\/p>\n\n\n\n<p>2006 und 2007 <strong>Leitender Arzt in der Reha Kamen.<\/strong><\/p>\n\n\n\n<p>2007 und 2008 interimistischer <strong>Leitender Arzt des \u201emedicos.AufSchalke\u201c <\/strong>und Chefarzt der orthop\u00e4dischen Rehabilitation. Spektakul\u00e4res Reha-Zentrum, sehr interessante Position! (siehe auch www.medicos-aufschalke.de).<\/p>\n\n\n\n<p>2009 bis 2014 <strong>Leitender Arzt iuventas Hamm,&nbsp; ambulantes Reha-Zentrum f\u00fcr Orthop\u00e4die und Kardiologie.<\/strong><\/p>\n\n\n\n<p>2014 bis 2018 fach\u00fcbergreifende <strong>organisatorische Betreuung des Soest Vital<\/strong> auf dem Campus des Klinkums Soest. In diesem Zusammenhang auch Kontakt zum EK Unna.<\/p>\n\n\n\n<h2 class=\"wp-block-heading\"><strong>Wissenschaftliches Interesse<\/strong><\/h2>\n\n\n\n<p><strong>Erfassung und Behandlung von Sturzrisiken bei Osteoporosepatienten<\/strong>. Hierzu habe ich ein sportmedizinisches Behandlungskonzept entwickelt und mit einem K\u00f6rperbeherrschungstest und einem Standsicherheitstest wissenschaftlich begleitet. Die Idee ist, Osteoporosepatienten standsicherer und koordinativ besser zu trainieren, so dass St\u00fcrze weniger h\u00e4ufig und weniger konsequent eintreten. <\/p>\n\n\n\n<p>Der von mir entwickelte <strong>computergest\u00fctzte Standsicherheitstest<\/strong> Win-Sway (patentamtlich registriert) wurde in einer Multicenter-Studie in Deutschland und \u00d6sterreich benutzt, um Standsicherheit und Sturzneigung von Osteoporosepatienten noch besser zu verstehen. Die Klinik \u201eDer F\u00fcrstenhof in Bad Pyrmont\u201c hat einige wissenschaftliche Ver\u00f6ffentlichungen mit dem Sway-Test international publiziert.<\/p>\n\n\n\n<h2 class=\"wp-block-heading\"><strong>Preise und Ver\u00f6ffentlichungen<\/strong><\/h2>\n\n\n\n<p>Mein <strong>wissenschaftliches Poster<\/strong> mit dem Titel: \u201eDie interdisziplin\u00e4re Osteoporosegruppe &#8211; Ein Konzept zur Patientenschulung\u201c erhielt auf dem 99. Kongre\u00df der Deutschen Gesellschaft f\u00fcr Physikalische Medizin und Rehabilitation (DGPMR) am 30.09.1994 den <strong>Preis f\u00fcr das <\/strong><strong>bestgestaltete Poster<\/strong> des Kongresses. Der Preis wurde von Prof. Dr. med. E. Senn, Vorsitzender der DGPMR verliehen.<\/p>\n\n\n\n<p>Neben zahlreichen deutschsprachigen <strong>Fachzeitschriften<\/strong> wurden meine o.g. wissenschaftlichen Studien auch international publiziert, ich wurde ins Verzeichnis der Rehabilitationswissenschaftler Deutschlands aufgenommen. <\/p>\n\n\n\n<p>Im <strong>Grundlagen-Lehrbuch \u201ePraxis der Orthop\u00e4die\u201c <\/strong>Band 1 herausgegeben von C.J. Wirth sind meine Studien erw\u00e4hnt, S. 227\/228. Thieme; Auflage: 3., vollst. neubearb. (2001).<strong> <\/strong><\/p>\n\n\n\n<h2 class=\"wp-block-heading\"><strong>Privates<\/strong><\/h2>\n\n\n\n<p>Ich bin <strong>seit 1989 sehr gl\u00fccklich verheiratet<\/strong> , habe 4 Kinder und 1 Enkelkind. Wir leben seit 1998 in Hamm und wohnen seit 2012 in Rhynern.<\/p>\n\n\n\n<p>Mein Privat- und Familienleben ist mir sehr wichtig, hier erhole ich mich, wenn die Arbeit doch einmal anstrengend war. <\/p>\n\n\n\n<p>Sportlich fahre ich Fahrrad und wandere gerne. Ich habe auch Erfahrungen im Golfspiel und fr\u00fcher Volleyball.<\/p>\n\n\n\n<p>Ich habe in den letzten Jahren Spa\u00df gefunden an der Gartenarbeit und \u2013gestaltung. Reparaturen im Haus habe ich immer schon selbst gemacht.  Das Restaurieren von englischen Oldtimern und auch das Reparieren von aktuellen Autos besch\u00e4ftigt mich zus\u00e4tzlich.<\/p>\n\n\n\n<p>2002 und 2003 habe ich monatelang meine Praxis geplant und das alte Geb\u00e4ude grundlegend renoviert \u2013 eine gro\u00dfartige Aufgabe.<\/p>\n\n\n\n<p>Seit Sommer 2019 fahre ich mit Begeisterung elektrisch Auto und tanke nur \u00d6kostrom bzw. selbst erzeugten Solarstrom.<\/p>\n","protected":false},"excerpt":{"rendered":"<p>Werdegang Schule und Wehrdienst Abitur 1982 am Matthias-Claudius-Gymnasium in Gehrden bei Hannover nach 12 Schuljahren 2-j\u00e4hriger Wehrdienst im Sanit\u00e4tsbataillon Hamm, Reserveoffizier Medizinstudium und Promotion Beginn des Medizinstudiums 1984 in Bielefeld, M\u00fcnster und K\u00f6ln Fortsetzung des Medizinstudiums 1985 in D\u00fcsseldorf Famulaturen und Studienaufenthalte im BwK Hamm, Deutsches Herzzentrum Berlin, Diakoniekrankenhaus D\u00fcsseldorf Kaiserswerth, UCLA-Hospital Los Angeles, California, &hellip; <\/p>\n<p class=\"link-more\"><a href=\"https:\/\/drdannbeck.de\/?page_id=10\" class=\"more-link\"><span class=\"screen-reader-text\">\u201eDr. Dannbeck\u201c<\/span> weiterlesen<\/a><\/p>\n","protected":false},"author":1,"featured_media":0,"parent":0,"menu_order":0,"comment_status":"closed","ping_status":"closed","template":"","meta":{"footnotes":""},"class_list":["post-10","page","type-page","status-publish","hentry"],"_links":{"self":[{"href":"https:\/\/drdannbeck.de\/index.php?rest_route=\/wp\/v2\/pages\/10","targetHints":{"allow":["GET"]}}],"collection":[{"href":"https:\/\/drdannbeck.de\/index.php?rest_route=\/wp\/v2\/pages"}],"about":[{"href":"https:\/\/drdannbeck.de\/index.php?rest_route=\/wp\/v2\/types\/page"}],"author":[{"embeddable":true,"href":"https:\/\/drdannbeck.de\/index.php?rest_route=\/wp\/v2\/users\/1"}],"replies":[{"embeddable":true,"href":"https:\/\/drdannbeck.de\/index.php?rest_route=%2Fwp%2Fv2%2Fcomments&post=10"}],"version-history":[{"count":6,"href":"https:\/\/drdannbeck.de\/index.php?rest_route=\/wp\/v2\/pages\/10\/revisions"}],"predecessor-version":[{"id":159,"href":"https:\/\/drdannbeck.de\/index.php?rest_route=\/wp\/v2\/pages\/10\/revisions\/159"}],"wp:attachment":[{"href":"https:\/\/drdannbeck.de\/index.php?rest_route=%2Fwp%2Fv2%2Fmedia&parent=10"}],"curies":[{"name":"wp","href":"https:\/\/api.w.org\/{rel}","templated":true}]}}

<h2 class="wp-block-heading"><strong>Werdegang</strong></h2>



<h4 class="wp-block-heading"><strong>Schule und Wehrdienst</strong></h4>



<p><strong>Abitur</strong> 1982 am Matthias-Claudius-Gymnasium in Gehrden bei Hannover nach 12 Schuljahren</p>



<p>2-jähriger <strong>Wehrdienst</strong> im Sanitätsbataillon Hamm, Reserveoffizier</p>



<h4 class="wp-block-heading"><strong>Medizinstudium und Promotion</strong></h4>



<p>Beginn des <strong>Medizinstudiums</strong> 1984 in Bielefeld, Münster und Köln</p>



<p>Fortsetzung des Medizinstudiums 1985 in Düsseldorf</p>



<p><strong>Famulaturen und Studienaufenthalte</strong> im BwK Hamm, Deutsches Herzzentrum Berlin, Diakoniekrankenhaus Düsseldorf Kaiserswerth, UCLA-Hospital Los Angeles, California, Chirurgische Klinik der Universität Düsseldorf, Bethesda-Krankenhaus Duisburg, Royal Infirmary of Edinburgh, Scotland, Princess Margret Rose Orthopaedic Hospital, Edinburgh, Scotland</p>



<p><strong>Staatsexamen</strong> in Düsseldorf 1990</p>



<p>1994 Verleihung des Grades des <strong>Doktors der Medizin</strong> der Uni Düsseldorf für die Dissertation:</p>



<p>„Hypoglykämie als Unfallursache und resultierende Folgerungen für die Behandlung bei autofahrenden, insulinbehandelten Diabetikern.“</p>



<h2 class="wp-block-heading"><strong>Qualifikationen</strong></h2>



<h4 class="wp-block-heading"><strong>Ausbildung zum Facharzt für Physikalische und Rehabilitative Medizin</strong></h4>



<p>1991 <strong>Orthopädie, Chirurgie</strong><strong> und Allgemeinmedizin </strong>im University-Hospital of Edinburgh und im Diakoniekrankenhaus Düsseldorf Kaiserswerth.</p>



<p>1993 in der Klinik Bavaria Haus Wolfstein in Freyung, Niederbayern. <strong>Orthopädie und Rehabilitation</strong> sowie <strong>Innere und Onkologie.</strong></p>



<p><strong>Facharztprüfung</strong> im September 1996 vor der Bayerischen Ärztekammer</p>



<h4 class="wp-block-heading"><strong>Zusatzqualifikationen</strong></h4>



<p><strong>Chirotherapie</strong>: Ausbildung bei der FAC Hamm / Boppard, Prüfung vor der Bayerischen Ärztekammer 1995. Regelmäßige Refresher-Kurse.</p>



<p><strong>Orthopädische Sonographie:</strong> Vollausbildung in Freyung. Säuglingshüftkurse bei Prof. Graf, Stolzalpe, Österreich.</p>



<p><strong>Fachkunde Röntgen:</strong> Anerkennung dieser Zusatzqualifikation von der Ärztekammer Bayern 1996 für die Bereiche Skelett und Notfalldiagnostik.</p>



<p><strong>Physikalische Therapie</strong>: Spezielle Fortbildungskurse in Bayern und Baden-Württemberg, Prüfung vor der Ärztekammer Westfalen 1997</p>



<p><strong>Akupunktur:</strong> Grund- und Vollausbildung bei der FATCM in Düsseldorf, B-Diplom seit 2000. Fortlaufend zusätzliche Kurse.</p>



<p><strong>Psychsomatische Grundversorgung:</strong> MediConsult, Sylt / Solingen, 2018 und 2019</p>



<p><strong>Psychotherapie: </strong>Interesse an Kurzzeit-Interventionen mittels &#8222;ACT&#8220;, Akteptanz- und Commitment-Therapie. Seit 2019 fortlaufende Weiterbildungen.</p>



<h2 class="wp-block-heading"><strong>Weiterer beruflicher Werdegang</strong></h2>



<p>1996 <strong>Leitender Arzt</strong> im ambulanten Rehazentrum der Klinik Bavaria in Recklinghausen.</p>



<p>1997 <strong>Leitender Arzt</strong> in einem Rehazentrum in Krefeld</p>



<p>1998 bis 2003 <strong>Vertragsarzt</strong> in einer fachübergreifenden Gemeinschaftspraxis für Orthopädie und Rehabilitation in Werl-Hilbeck</p>



<p>Die hier vorgestellte <strong>Privatpraxis</strong> führe ich seit September 2003.</p>



<p>2006 und 2007 <strong>Leitender Arzt in der Reha Kamen.</strong></p>



<p>2007 und 2008 interimistischer <strong>Leitender Arzt des „medicos.AufSchalke“ </strong>und Chefarzt der orthopädischen Rehabilitation. Spektakuläres Reha-Zentrum, sehr interessante Position! (siehe auch www.medicos-aufschalke.de).</p>



<p>2009 bis 2014 <strong>Leitender Arzt iuventas Hamm,&nbsp; ambulantes Reha-Zentrum für Orthopädie und Kardiologie.</strong></p>



<p>2014 bis 2018 fachübergreifende <strong>organisatorische Betreuung des Soest Vital</strong> auf dem Campus des Klinkums Soest. In diesem Zusammenhang auch Kontakt zum EK Unna.</p>



<h2 class="wp-block-heading"><strong>Wissenschaftliches Interesse</strong></h2>



<p><strong>Erfassung und Behandlung von Sturzrisiken bei Osteoporosepatienten</strong>. Hierzu habe ich ein sportmedizinisches Behandlungskonzept entwickelt und mit einem Körperbeherrschungstest und einem Standsicherheitstest wissenschaftlich begleitet. Die Idee ist, Osteoporosepatienten standsicherer und koordinativ besser zu trainieren, so dass Stürze weniger häufig und weniger konsequent eintreten. </p>



<p>Der von mir entwickelte <strong>computergestützte Standsicherheitstest</strong> Win-Sway (patentamtlich registriert) wurde in einer Multicenter-Studie in Deutschland und Österreich benutzt, um Standsicherheit und Sturzneigung von Osteoporosepatienten noch besser zu verstehen. Die Klinik „Der Fürstenhof in Bad Pyrmont“ hat einige wissenschaftliche Veröffentlichungen mit dem Sway-Test international publiziert.</p>



<h2 class="wp-block-heading"><strong>Preise und Veröffentlichungen</strong></h2>



<p>Mein <strong>wissenschaftliches Poster</strong> mit dem Titel: „Die interdisziplinäre Osteoporosegruppe &#8211; Ein Konzept zur Patientenschulung“ erhielt auf dem 99. Kongreß der Deutschen Gesellschaft für Physikalische Medizin und Rehabilitation (DGPMR) am 30.09.1994 den <strong>Preis für das </strong><strong>bestgestaltete Poster</strong> des Kongresses. Der Preis wurde von Prof. Dr. med. E. Senn, Vorsitzender der DGPMR verliehen.</p>



<p>Neben zahlreichen deutschsprachigen <strong>Fachzeitschriften</strong> wurden meine o.g. wissenschaftlichen Studien auch international publiziert, ich wurde ins Verzeichnis der Rehabilitationswissenschaftler Deutschlands aufgenommen. </p>



<p>Im <strong>Grundlagen-Lehrbuch „Praxis der Orthopädie“ </strong>Band 1 herausgegeben von C.J. Wirth sind meine Studien erwähnt, S. 227/228. Thieme; Auflage: 3., vollst. neubearb. (2001).<strong> </strong></p>



<h2 class="wp-block-heading"><strong>Privates</strong></h2>



<p>Ich bin <strong>seit 1989 sehr glücklich verheiratet</strong> , habe 4 Kinder und 1 Enkelkind. Wir leben seit 1998 in Hamm und wohnen seit 2012 in Rhynern.</p>



<p>Mein Privat- und Familienleben ist mir sehr wichtig, hier erhole ich mich, wenn die Arbeit doch einmal anstrengend war. </p>



<p>Sportlich fahre ich Fahrrad und wandere gerne. Ich habe auch Erfahrungen im Golfspiel und früher Volleyball.</p>



<p>Ich habe in den letzten Jahren Spaß gefunden an der Gartenarbeit und –gestaltung. Reparaturen im Haus habe ich immer schon selbst gemacht.  Das Restaurieren von englischen Oldtimern und auch das Reparieren von aktuellen Autos beschäftigt mich zusätzlich.</p>



<p>2002 und 2003 habe ich monatelang meine Praxis geplant und das alte Gebäude grundlegend renoviert – eine großartige Aufgabe.</p>



<p>Seit Sommer 2019 fahre ich mit Begeisterung elektrisch Auto und tanke nur Ökostrom bzw. selbst erzeugten Solarstrom.</p>

<p>Werdegang Schule und Wehrdienst Abitur 1982 am Matthias-Claudius-Gymnasium in Gehrden bei Hannover nach 12 Schuljahren 2-jähriger Wehrdienst im Sanitätsbataillon Hamm, Reserveoffizier Medizinstudium und Promotion Beginn des Medizinstudiums 1984 in Bielefeld, Münster und Köln Fortsetzung des Medizinstudiums 1985 in Düsseldorf Famulaturen und Studienaufenthalte im BwK Hamm, Deutsches Herzzentrum Berlin, Diakoniekrankenhaus Düsseldorf Kaiserswerth, UCLA-Hospital Los Angeles, California, &hellip; </p>
<p class="link-more"><a href="https://drdannbeck.de/?page_id=10" class="more-link"><span class="screen-reader-text">„Dr. Dannbeck“</span> weiterlesen</a></p>
